2*p**2. What is the tens digit of r(1)?
1
Let d = 231 - 134. What is the units digit of d?
7
Let q = 7 - 3. Let y(b) = 23*b - 4. Let c be y(3). Suppose c = q*n + n. What is the units digit of n?
3
Let j(r) = 26*r + 3. Let a be 0 + (-5 - 3)/(-4). What is the tens digit of j(a)?
5
Suppose 9 = -2*r + 1. What is the units digit of (-195)/(-12) + 1/r?
6
Let u(k) = k**2 - 9*k + 13. Let x be ((-18)/10)/((-3)/15). What is the units digit of u(x)?
3
Let d be (3 - (-1 + -11)) + 0. What is the units digit of (-6)/d + 77/5?
5
Let s(k) = 12*k**2 - k + 1. Let i be s(1). Suppose -5*w = 2*x - 2 - i, -2*w + 4 = 0. What is the units digit of (-10 - x)*2/(-4)?
6
Let w be 28/(0 + 2) + -2. Let y = w + -2. Suppose -j - j = -y. What is the units digit of j?
5
Suppose 2*k + 2*d = 7*d + 159, -82 = -k + 5*d. Suppose -5*g = -212 + k. Suppose 5*t - 2*t = g. What is the units digit of t?
9
Let v(r) = r**2 - 7*r + 6. What is the units digit of v(9)?
4
Suppose 2*c + 2 = 0, -32 = 5*n - 3*c + 5*c. Let m(j) = j. Let z be m(n). What is the units digit of (3 + z/4)*8?
2
Let a = -1 - -1. Suppose a = p + 2*p + 12. Let m(f) = -2*f - 2. What is the units digit of m(p)?
6
Let l(h) = -7*h - 3. Let a(g) = g + 1. Let o(c) = -6*a(c) - l(c). Let x be o(7). What is the units digit of ((-3)/(-4))/(x/32)?
6
Suppose -4*l + 648 = 2*l. What is the tens digit of l?
0
Suppose 5*r - 10 = 0, -3*j - r + 385 = 101. What is the units digit of j?
4
Let f = -23 - -43. Let z be (-1)/((-2)/6)*1. Suppose z*c - 5*a = -c + 40, -a - f = -2*c. What is the tens digit of c?
1
Let n(w) = -w + 4. Let b(o) = -o**3 - 4*o**2 - 4*o - 3. Let c be b(-2). What is the units digit of n(c)?
7
Let y be (133/(-21))/(2/6). Let g = y - -42. What is the tens digit of g?
2
Suppose 2*o + 4*u + 44 = 5*o, 5*o + 4*u - 20 = 0. Suppose -5*d = -2*f + 11, 4*d + 5*f + 14 = -o. What is the tens digit of 40/6*d/(-2)?
1
Let t = 2 - 3. Let b be 25 + -2 + (-1)/t. Suppose u - 2*i = -0*u + b, -4*u - 3*i + 41 = 0. What is the units digit of u?
4
Suppose 5*v + 1 - 6 = 0. What is the tens digit of -2 + (24 - (1 - v))?
2
Let n(u) = u**3 - 3*u**2 + 2*u - 3. Let q be n(4). Suppose 0 = 4*v - 13 - 39. Let x = q - v. What is the units digit of x?
8
What is the tens digit of 837/(-18)*(-10)/3?
5
Let v(c) = -c**2 + 1. Let h be v(0). Let j be (-2)/(-7) - 120/(-21). Let u = j + h. What is the units digit of u?
7
Suppose -2*q + 5*q - 3*z - 90 = 0, -4*q + 96 = 2*z. Let l = -15 + q. What is the tens digit of l?
1
Let v(p) = 2*p**2 - 2*p - 6. Let d(u) = -5*u**2 + 5*u + 13. Let i(x) = -3*d(x) - 7*v(x). What is the tens digit of i(4)?
1
Let o(f) = f + 7. Let m be o(-5). Let l = 9 - m. Let b = 12 - l. What is the units digit of b?
5
Let f be (-1)/2*2*-1. Suppose 2*i = i - f, 0 = -2*n - 5*i + 33. What is the tens digit of n?
1
Let c be (-6)/(-9)*(-42)/(-4). Suppose 3*q + 55 - c = 4*l, 2*l = q + 22. What is the units digit of l?
9
Suppose -83 = -c - 3*v, v = -5*c - v + 402. What is the tens digit of c?
8
Let a = -12 + 24. Suppose q - a = -3*q. What is the units digit of q?
3
Let j(m) be the first derivative of m**3/3 + 3*m**2/2 + 6*m - 10. What is the tens digit of j(-6)?
2
Suppose 3*l = 10 + 2. What is the units digit of l?
4
Suppose -y + 5*l = -49, 7*y = 3*y - 4*l + 244. What is the units digit of y?
9
Let a(c) = c**2 + 9*c + 12. Let n be a(-8). Suppose -5*m - 5*o + 120 = 0, -n*m = -3*m - 3*o - 8. What is the units digit of m?
0
Let p = 2 + 40. What is the units digit of p?
2
Suppose -q + 6 = q. What is the units digit of q?
3
Suppose -2*l + 3598 = 12*l. What is the tens digit of l?
5
Let i be (1 - 4)/(3/20). Let t = -11 - i. What is the units digit of t?
9
Let z = 71 - -29. What is the hundreds digit of z?
1
Suppose 3*y - 93 = -0*y. What is the tens digit of y?
3
Let h = -5 + 1. What is the units digit of 2/h - 22/(-4)?
5
Suppose 1 = 3*c - 5. Suppose 0 = c*l + 5*g + 8, 2*l + g + 0 = 8. What is the units digit of (l - -1)*(-1 - -2)?
7
Suppose -5*w = 4*r - 9, 3*w = r + 14 + 5. What is the units digit of w?
5
Let d(q) be the first derivative of -q**2/2 - q - 1. Let c(f) = f**2 - 8. Let o(y) = -c(y) + 4*d(y). What is the units digit of o(-4)?
4
Let a = -15 + 18. What is the units digit of -3 + (a + -2 - -37)?
5
Let u = 18 + 25. What is the tens digit of u?
4
Let u(v) = -v**3 - 2*v**2 - 3*v - 2. Let z be u(-2). Suppose a + z - 16 = 2*w, -5*a + 51 = -w. What is the tens digit of a?
1
Suppose 2*f + 2*u = -2*u + 58, 2*f = -2*u + 58. What is the units digit of f?
9
Let c(i) = 4*i**2 + 6*i - 1. What is the tens digit of c(-5)?
6
Suppose 25 = -3*p - 2*p, 2*p = 5*v - 1140. What is the hundreds digit of v?
2
Suppose 4*c - 3*p = 96, c + c - 2*p - 50 = 0. Suppose -12 = -q + 3*n, -2*q - n + c = -4*n. What is the units digit of q?
9
Suppose -1 = -s - 0. Let t be 3*7 + (s - -1). Let k = 32 - t. What is the units digit of k?
9
Suppose 0 = 3*f + 2*f. Let z(v) = -v**2 + f*v + 0*v**2 - 6*v. What is the units digit of z(-5)?
5
Let m be (-147)/15 - (-4)/(-20). What is the tens digit of (-4)/6*435/m?
2
Let p be 18/5 + 18/45. Suppose p*l = 6*l - 68. What is the tens digit of l?
3
Suppose -366 + 1776 = 5*j. What is the tens digit of j?
8
What is the units digit of (-4)/14*105/(-30)?
1
Let l be 29 + 4/(8/(-6)). Let p = l + -14. What is the units digit of p?
2
Suppose -5*c + 78 = 2*r - 0*c, 5*r + 4*c - 212 = 0. What is the units digit of (r/6)/((-1)/(-3))?
2
Let w(h) = -h**2 + 14*h - 8. What is the tens digit of w(9)?
3
Suppose 0 = -p + 2*p - 2. Let l be (p/8)/(2/16). What is the tens digit of (1 - l)*(-17 + 0)?
1
Let f(i) = i**3 + 6*i**2 - i. What is the units digit of f(-6)?
6
Let a(f) = -2*f**3 + 25*f**2 + 29*f - 16. What is the hundreds digit of a(13)?
1
Suppose -120 - 172 = 4*r. Let d = r - -118. What is the units digit of d?
5
Suppose -2*h + 7 = 3*v - 5, 2*v + 4*h - 8 = 0. Suppose -2*d = 4*l - 46, 2*l - v*d = 2 + 26. What is the units digit of l?
2
Let r(f) = -f**3 - 5*f**2 + 4*f - 8. Let c be r(-6). Let a = 0 - -3. Suppose c*o = -2*b - b + 26, a*b = 4*o - 38. What is the units digit of o?
8
Let o(a) = -a**3 + 6*a**2 + 4*a - 9. Let u be o(6). Suppose -u = k + 2*k. Let v(n) = n**3 + 6*n**2 + 2*n - 4. What is the units digit of v(k)?
1
Let b(z) = 4*z**2 - 8*z - 16. What is the units digit of b(7)?
4
Suppose r = -4*b + 17, -4*r + 0*b + 5 = -5*b. Suppose 55 - r = 5*i. Suppose o = -o + i. What is the units digit of o?
5
Suppose 0 = -m + 12*m - 1485. What is the hundreds digit of m?
1
Let v = 4 + -1. Suppose 0 = -v*f + 5*t + 25, f + 5*t + 2 = -3. What is the units digit of f?
5
What is the tens digit of 14/(-35) + (-4671)/(-15)?
1
Let p be 2*-6*1/(-4). Suppose 5*s - p*s - 8 = 0. What is the units digit of s/14 + (-40)/(-7)?
6
Let l be ((-18)/(-45))/((-2)/(-220)). Suppose 2*c = 8, 4*n + 4*c - l = 2*c. What is the units digit of n?
9
Let f(x) = x**2 - 7*x - 6. Let j be f(8). Suppose 0 = -y - 1 - 2, -j*y - 114 = -4*w. What is the tens digit of w?
2
Suppose -k = 3*k - 48. Let d be (-272)/(-51) - (-2)/(-6). Let p = k - d. What is the units digit of p?
7
Let j(o) = o**2 + 13*o + 16. Let f be j(-11). Let y = 2 - f. What is the units digit of y/(-10)*5/(-2)?
2
Suppose 0*g - 654 = -5*g + 3*y, -g - 3*y + 120 = 0. What is the units digit of g?
9
Let z = -18 + 6. Let n = z - -24. Suppose 3*g - n = g. What is the units digit of g?
6
Suppose -3*q + 4 = 13. Let t = q + 8. What is the units digit of t?
5
Let u = 11 + -7. Let c be 2/(-3) + (-2)/(-3). Suppose 0 = -c*l - 2*l + u. What is the units digit of l?
2
Let w be 37/7 + 4/(-14). Suppose 3*q + 3*b = 4*q - 18, 0 = -5*q + w*b + 50. Suppose c - 3*z + 12 = 0, -3*z + 0*z + q = -3*c. What is the units digit of c?
3
Suppose 0 = -2*w + 14 - 0. What is the units digit of w?
7
Suppose -7*x + 2*x + q = -696, 5*q + 700 = 5*x. What is the units digit of x?
9
What is the hundreds digit of (-36)/(-27)*657/6?
1
Suppose 2952 = -9*g + 18*g. What is the hundreds digit of g?
3
Let a be 470/(-40)*-1*4. Let d = -17 + a. What is the units digit of d?
0
Suppose 13*h - 42 = 12*h. What is the tens digit of h?
4
What is the tens digit of ((-14)/(-3))/(16/168)?
4
Let f = -62 - -99. Let h be 3*39*2/(-9). Let n = h + f. What is the tens digit of n?
1
Suppose 2*k - 8 = -3*t, 3*k = -4*t - t + 14. Let r(z) = 3*z + 2*z**2 + 1 - 1 + t*z. What is the tens digit of r(-5)?
1
Suppose -1 =